-22).
6
Let n(r) = r**2 + 410*r - 409. Give n(1).
2
Let n(g) = -2*g**3 + 39*g**2 - 12*g + 36. Determine n(19).
169
Let z(g) = -413*g - 3303. Determine z(-8).
1
Let j(v) = 107*v + 2021. What is j(-19)?
-12
Let g(c) = c**3 + 14*c**2 - 11*c - 10. What is g(-13)?
302
Let g(a) = a**3 + a**2 - 20*a + 4. Determine g(5).
54
Let r(l) = -73*l - 118. Calculate r(-1).
-45
Let m(l) = 609*l - 3655. Determine m(6).
-1
Let o(d) = -d**2 - 38*d + 36. Determine o(4).
-132
Let q(b) = b**3 + 232*b**2 + 235*b + 905. Calculate q(-231).
-19
Let r(s) = s**2 - 7*s + 43. Calculate r(-9).
187
Let f(d) = -d**3 - 41*d**2 - 41*d - 59. Determine f(-40).
-19
Let n(z) = -5*z**3 + 2*z**2 + 106*z + 104. Determine n(-1).
5
Let o(b) = -92*b - 42. Give o(-1).
50
Let r(g) = -g**2 - 48*g - 10. Calculate r(-37).
397
Let z(y) = -31*y**2 - 707*y + 151. What is z(-23)?
13
Let r(u) = -16*u**2 - 105*u + 22. Determine r(-6).
76
Let l(o) = -2*o**2 - 59*o + 1524. What is l(-46)?
6
Let g(m) = 187*m - 979. Calculate g(5).
-44
Let x(k) = 20*k + 361. Calculate x(-27).
-179
Let h(g) = 124*g - 885. Give h(7).
-17
Let z(t) = 290*t**2 - 212*t - 3. Determine z(1).
75
Let u(s) = s**3 - 33*s**2 + 59*s + 73. Calculate u(31).
-20
Let b(c) = -2*c**2 - 126*c + 533. What is b(4)?
-3
Let p(r) = -r**2 - 37*r - 110. Calculate p(-28).
142
Let a(m) = -34*m + 106. Calculate a(3).
4
Let f(n) = 2*n**2 - 1820*n + 3626. Determine f(2).
-6
Let r(j) = 126*j - 1540. Give r(12).
-28
Let q(s) = -2*s**3 + 42*s**2 + 87*s - 1805. Give q(21).
22
Let f(i) = i**3 + 41*i**2 + 144*i - 129. Calculate f(-37).
19
Let g(o) = -84*o**2 - 7*o + 2. Determine g(1).
-89
Let p(i) = -i**2 + 34*i + 317. What is p(-8)?
-19
Let y(n) = 94*n**2 + 5069*n - 384. Give y(-54).
-6
Let s(t) = -87*t + 520. Determine s(6).
-2
Let r(b) = -6*b**3 - 36*b**2 - 89*b - 543. Give r(-6).
-9
Let f(g) = 2*g**3 - 33*g**2 - 92*g - 66. Calculate f(19).
-9
Let k(q) = -25*q**2 - 179*q. What is k(-4)?
316
Let y(d) = -3*d**2 + 2435*d - 9702. What is y(4)?
-10
Let z(d) = -4*d**2 - 37*d - 24. Determine z(-10).
-54
Let t(m) = 582*m + 10501. Determine t(-18).
25
Let n(v) = -2*v**2 + 77*v - 460. Calculate n(30).
50
Let k(z) = z**2 + 16*z - 140. What is k(-20)?
-60
Let y(s) = 4*s + 102. What is y(22)?
190
Let f(d) = -d**2 - 52*d - 454. Calculate f(-11).
-3
Let u(x) = -x**3 + 52*x**2 - 101*x + 16. What is u(50)?
-34
Let u(m) = -m**3 + 54*m**2 + 68*m - 369. Calculate u(55).
346
Let c(r) = r**3 + 28*r**2 + 183*r + 18. Calculate c(-10).
-12
Let q(k) = -k**3 - 12*k**2 + 140*k - 230. Give q(2).
-6
Let w(z) = 37*z + 972. Determine w(-26).
10
Let r(u) = -42*u - 2273. Give r(-54).
-5
Let c(l) = 735*l + 8103. What is c(-11)?
18
Let y(m) = 9*m**3 - 105*m**2 + 12*m - 20. Give y(12).
556
Let h(b) = -83*b + 167. Calculate h(6).
-331
Let j(v) = 46*v**3 - 3*v**2 + 6*v - 4. What is j(2)?
364
Let o(m) = -m**3 - 11*m**2 - 13*m - 101. Determine o(-8).
-189
Let r(s) = 178*s**3 + s + 1. Give r(-1).
-178
Let z(h) = 25*h + 45. Give z(0).
45
Let t(g) = g**3 + 48*g - 8. Give t(0).
-8
Let t(f) = 257*f - 219. Calculate t(1).
38
Let z(t) = t**3 + 52*t**2 - 107*t + 22. Give z(-54).
-32
Let u(c) = -31*c + 168. Calculate u(6).
-18
Let i(t) = 2*t**3 - 12*t**2 + 3*t - 17. What is i(5)?
-52
Let o(g) = 4*g**2 + 9*g - 15. Calculate o(-7).
118
Let s(a) = -a**3 + 34*a**2 - 37*a + 107. What is s(33)?
-25
Let i(z) = 60*z + 521. Calculate i(-10).
-79
Let l(y) = 12*y - 55. Give l(5).
5
Let t(x) = x**3 + 10*x**2 + 17*x + 36. Determine t(-9).
-36
Let c(k) = -k**3 - 20*k**2 + 99*k + 40. Give c(-24).
-32
Let c(p) = -3*p**2 - 9*p + 1055. Give c(17).
35
Let m(k) = 2*k**2 - 431*k - 862. Calculate m(-2).
8
Let h(s) = -7389*s + 29562. Give h(4).
6
Let m(c) = 2009*c - 54237. Determine m(27).
6
Let r(n) = 2*n**2 - 112*n + 1350. Calculate r(18).
-18
Let k(n) = -n**3 + 3*n**2 - 13*n + 9. Give k(0).
9
Let p(o) = 25*o - 78. Calculate p(3).
-3
Let p(z) = -8*z**2 - 609*z - 82. Give p(-76).
-6
Let b(s) = -s**3 - 27*s**2 - 62*s - 89. Determine b(-25).
211
Let k(x) = -62*x - 321. Calculate k(-5).
-11
Let b(r) = 4*r**3 + r**2 - 4. What is b(-2)?
-32
Let b(h) = 63*h**2 - 12*h - 10. Determine b(-1).
65
Let z(v) = -41*v - 54. Give z(-4).
110
Let b(u) = -19*u**2 - 121*u - 104. Calculate b(-6).
-62
Let m(x) = x**3 - 16*x**2 - 14*x - 57. Determine m(17).
-6
Let x(v) = -2*v**2 + 148*v + 11359. What is x(-47)?
-15
Let t(k) = -k**3 + 31*k**2 - 5*k + 97. Give t(31).
-58
Let t(q) = 69*q + 13311. Determine t(-193).
-6
Let n(p) = -67*p**2 - 548*p + 3. What is n(-8)?
99
Let p(k) = k**3 - 12*k**2 + 60*k - 1004. Determine p(13).
-55
Let g(l) = -l**2 - 67*l - 250. Determine g(-4).
2
Let x(a) = 4*a**3 + 31*a**2 + 20*a - 7. Determine x(-7).
0
Let u(r) = r**3 - 28*r**2 + 43*r - 83. Determine u(26).
-317
Let y(a) = a**3 + 6*a**2 - 21*a + 158. What is y(-10)?
-32
Let o(y) = -899*y - 8018. What is o(-9)?
73
Let c(a) = -67*a + 5970. Calculate c(89).
7
Let i(g) = 5*g**3 + 23*g**2 + 4*g + 78. Calculate i(-5).
8
Let n(q) = q**3 - 38*q**2 + 38*q + 4. Give n(37).
41
Let g(i) = -i**3 + 4*i**2 + i - 6. Determine g(3).
6
Let c(x) = x**3 - 44*x**2 - 258*x + 55. Determine c(49).
-582
Let t(a) = 2*a**2 - 37*a - 1588. Give t(39).
11
Let m(s) = 181*s**2 - 40*s + 43. What is m(1)?
184
Let s(b) = b**3 + 13*b**2 - 3*b - 279. Give s(-11).
-4
Let n(b) = 19*b**2 - 266*b - 2. Calculate n(14).
-2
Let m(i) = i**3 + 72*i**2 - 10*i - 736. Give m(-72).
-16
Let d(w) = -w**3 + 32*w**2 - 216*w - 5. Give d(10).
35
Let o(a) = -3*a**3 + 42*a**2 - 104*a - 20. What is o(10)?
140
Let l(o) = o**3 + 3*o**2 + 4*o - 72. What is l(4)?
56
Let u(s) = -25*s**2 + 288*s + 43. Determine u(13).
-438
Let r(x) = 2*x**3 + 61*x**2 - 29*x - 19. What is r(-31)?
-81
Let y(j) = 4*j**2 - 606*j - 1530. Determine y(154).
10
Let w(b) = -594*b - 589. What is w(-1)?
5
Let r(w) = -w**3 - 9*w**2 + 23*w + 126. Give r(-11).
115
Let m(s) = -s**3 + 3*s**2 + 40*s + 24. Calculate m(6).
156
Let z(i) = -2*i**2 - 101*i + 2130. Give z(-63).
555
Let c(i) = 8*i**3 + 3*i - 3. Calculate c(1).
8
Let b(p) = -2*p**2 + 47*p + 2272. What is b(-24)?
-8
Let y(d) = 3*d**2 + 28*d - 21. What is y(-8)?
-53
Let q(i) = 543*i**2 + 5971*i - 20. Calculate q(-11).
2
Let z(f) = -f**2 + 8*f - 33. Determine z(9).
-42
Let c(a) = 289*a - 1292. Determine c(5).
153
Let s(i) = 159*i + 13998. Calculate s(-88).
6
Let b(z) = -z**3 + 2*z**2 + 47*z - 82. Calculate b(7).
2
Let w(b) = -17787*b + 142296. Determine w(8).
0
Let s(k) = -78*k + 256. Determine s(3).
22
Let k(y) = -4*y**3 - 24*y**2 - 22*y - 5. Determine k(-5).
5
Let t(v) = -v**3 + 41*v**2 - 43*v + 53. Calculate t(40).
-67
Let j(z) = -11*z - 134. Determine j(-9).
-35
Let d(j) = -j**2 - 44*j - 16. What is d(-38)?
212
Let v(f) = -2923*f + 11733. Determine v(4).
41
Let m(i) = -8*i - 158. What is m(-3)?
-134
Let l(h) = -5*h**2 + 22*h + 301. Determine l(-6).
-11
Let y(n) = 8*n**2 + 89*n - 340. Determine y(4).
144
Let u(q) = 5*q - 84. Calculate u(29).
61
Let a(m) = m**3 - 12*m**2 - 13*m + 213. Determine a(11).
-51
Let n(y) = -59*y - 217. What is n(-8)?
255
Let g(h) = 2*h**2 - h - 60. Determine g(-7).
45
Let r(c) = 261*c - 1518. Calculate r(5).
-213
Let b(d) = -d**2 - 46*d + 98. What is b(13)?
-669
Let q(l) = 4*l - 184. Determine q(72).
104
Let g(t) = t**2 + 6*t - 170. Give g(-18).
46
Let v(i) = -i**3 - 20*i**2 - 160*i - 1851. Determine v(-17).
2
Let p(c) = -61*c**2 - 183*c - 1. Calculate p(-3).
-1
Let l(g) = -g**3 + 20*g**2 - 58*g - 117. Give l(16).
-21
Let x(r) = -2328*r + 81478. Determine x(35).
-2
Let a(p) = p**3 + 38*p**2 + 86*p + 453. Give a(-36).
-51
Let q(x) = 5*x - 251. What is q(5)?
-226
Let y(a) = -a**3 + 8*a**2 + a + 10. Give y(8).
18
Let k(x) = -x**2 - 102*x + 4299. Give k(32).
11
Let t(j) = 4*j**3 - 34*j**2 - 4*j. Determine t(9).
126
Let s(i) = i**3 - 18*i**2 + 35*i - 700. Determine s(18).
-70
Let o(h) = 2*h**2 - 47*h + 232. Give o(17).
11
Let j(t) = -11*t**2 - 257*t + 1056. What is j(-27)?
-24
Let s(d) = d**3 + 23*d**2 + 55*d + 220. Give s(-21).
-53
Let f(c) = -2*c**2 - 84*c + 255. Calculate f(3).
-15
Let d(m) = 264*m - 66. Determine d(-1).
-330
Let u(g) = -g**3 - 4*g + 94. Calculate u(0).
94
Let u(k) = k**3 + k**2 + 12*k - 48. Determine u(3).
24
Let g(s) = -19*s + 648. What is g(42)?
-150
Let b(t) = -6*t**2 - 15*t + 11. What is b(-5)?
-64
Let b(l) = -47*l**2 - 113*l + 115. Calculate b(1).
-45
Let 